ve of -h**4/24 - 3*h**2. Let i be m(5). Give g(i).
-5
Let w(f) = -f**2 - 3*f + 5. Let c(k) = -k - 17. Let h be c(-12). What is w(h)?
-5
Let f(p) = p**3 + 4*p**2 - 3. Let y = 15 - 18. Calculate f(y).
6
Let i(j) = -4*j**2. Suppose -4*h + 20 = 0, 2*h - 13 - 3 = -3*u. What is i(u)?
-16
Let m(q) = -7*q - 7. Let z = 5 - 4. Let i(g) = g + 1. Let r(f) = z*m(f) + 5*i(f). What is r(2)?
-6
Suppose 3*h - 6*k = -3*k - 6, -h - 4*k = -18. Let j(l) = l. Let n(q) = 2*q - 3. Let a(y) = 3*j(y) + n(y). Determine a(h).
7
Let n(i) = 2 - i - i**2 - 4*i + 0*i. What is n(-6)?
-4
Suppose a = 4*a + 15. Let g(o) = -o**2 - 3*o + 1. Determine g(a).
-9
Let c(j) = j**3 + 2*j**2 + 3*j + 1. Let b(n) = n**3 + 9*n**2 + 7*n - 10. Let o be b(-8). Determine c(o).
-5
Suppose -3*w = -0*w. Let d(q) = q - 4. Let i(r) = r - 3. Let b(x) = -4*d(x) + 3*i(x). Determine b(w).
7
Let h(q) be the second derivative of q**4/12 - 5*q**2/2 - 23*q. Give h(5).
20
Let l(b) = 6*b**2 - 11*b + 2 - 3*b - 14*b + 34*b + b**3. Give l(-5).
-3
Let v be (-4)/(-14) - 222/42. Let d(o) = 2*o + 1 + 2 + 0*o. Calculate d(v).
-7
Let n(o) = -5*o + 3. Let c(b) = 5*b - 2. Let i = 7 - 12. Let q(l) = i*n(l) - 6*c(l). Let u be 1/(2/(-4)) + 0. What is q(u)?
7
Suppose -2*f + 4*f + 2 = 0. Let v = 1 - f. Let w(s) = 3*s - 6*s + 2*s. Calculate w(v).
-2
Suppose 0 = 2*h + 2, -2*i + 15 = 2*h - 5*h. Suppose 5*z - 4*z + o - 8 = 0, 4*z - 2*o - 38 = 0. Let g be (-12)/z*i/(-2). Let j(t) = -t + 4. Give j(g).
0
Suppose 5 + 10 = 5*u. Let q(o) = 5 + 10*o - 8*o - o**u + 5 - 5 - 5*o**2. Calculate q(-5).
-5
Let o = 4 + -2. Suppose -y - o = -2*y. Suppose 2 = 4*v - y. Let q(f) = -7*f**2. Calculate q(v).
-7
Let u(k) be the second derivative of -k**3/2 + 8*k. Determine u(2).
-6
Let v(u) = -4*u**3 - u**2 + 1. Let y(n) = -2*n**2 - 2*n - 1. Let b be y(-1). Let q be b/4 - 161/28. Let w = -5 - q. What is v(w)?
-4
Let u(w) = -w**2 + 7*w - 2. Suppose 5*d = 5*o - 55 + 10, 2 = 2*o + 2*d. What is u(o)?
8
Let p(w) = w**3 + 0*w**3 + 6*w + 13 + 2*w**2 + 3*w**2 - 12. Determine p(-4).
-7
Suppose 4 = -3*z + 88. Let h(s) = 1 - z*s - 7*s**2 + 2*s**2 + 22*s + s**3. Calculate h(6).
1
Let s(a) = 5 + a - 6 - 4 - 8. Let k be s(7). Let l(x) = x**3 + 7*x**2 + 7*x + 1. Give l(k).
-5
Let h(b) be the third derivative of -7*b**5/60 - b**3/6 - 8*b**2. Determine h(-1).
-8
Let p(m) = -22*m**2 + 14*m**2 + 7*m**2. Determine p(2).
-4
Let g(i) = -4*i + 11. Let w(f) = -f + 2. Let v(n) = -2*g(n) + 11*w(n). Calculate v(-3).
9
Let l(n) be the first derivative of n**3/3 + 7*n + 6. Determine l(0).
7
Let t = -15 + 11. Suppose -5*x - 2*r = -16, -2*x - 3*r = r - 16. Let j(n) = 1 - 2 + 3 + x*n. Determine j(t).
-6
Suppose -2 = 3*z - 26. Let f = -9 + z. Let u(p) = 9*p + 1. Calculate u(f).
-8
Let d(n) = 0*n**3 + 53 - 5*n - 6*n**2 - n**3 - 47. Give d(-5).
6
Let c(u) = -5*u**2 - 7*u + 2. Let n(x) = 9*x**2 + 13*x - 3. Let s(p) = 7*c(p) + 4*n(p). Suppose 0 = 4*k - 16 - 8. Let i(a) = a - 9. Let j be i(k). Give s(j).
2
Let f(n) = 0*n**3 + n**3 - 1 + 3 - 3*n**2. Let b(g) = -g**3 - 7*g**2 - 7*g - 3. Let w be b(-6). Suppose 2*r = -w*r - l + 15, -5*l + 12 = 4*r. Calculate f(r).
2
Let y(a) be the first derivative of -1 + 1/4*a**4 - 4/3*a**3 + 2*a**2 - a. Calculate y(3).
2
Let n(b) = -5*b**3 + 0*b**3 + 4*b**3. Let w(z) = -z**3 + 3*z**2 + 3*z + 4. Suppose 0 = -3*y + 10 + 2. Let v be w(y). What is n(v)?
0
Let z = 4 - 3. Let t be 2 + 0*z/(-2). Let i(n) = t*n**2 - n**2 + 4*n**2. Determine i(1).
5
Let t(r) = 276 - 83 - 90 - 2*r - 92. Give t(9).
-7
Let t(s) = s + 1. Let p(y) = -1. Let m(a) = -5*p(a) + t(a). Determine m(-8).
-2
Let y(l) = 3*l**3 - 2*l**2 - 2*l - 1. Suppose -3*p - 1 = -t, 0 = 3*p - 6*t + t - 7. What is y(p)?
-4
Let c(k) = -2*k. Suppose 0 = 3*f - 3, p - 5*p = f - 21. Let b = p + -2. Suppose -w + 4 = b. Give c(w).
-2
Let o(g) be the second derivative of g**6/240 - g**5/60 - 2*g**4/3 + 2*g. Let s(l) be the third derivative of o(l). Calculate s(-3).
-11
Let q(s) = 2*s + 5. Suppose 3 = -t - 1. Let i be (-52)/2*(-2)/t. Let c = i + 9. What is q(c)?
-3
Let m(a) = a**3 - 7*a**2 - 7*a - 10. Let s be m(8). Let u be -9 + (-1)/(-1 - s). Let v be ((-9)/(-6))/((-3)/u). Let b(h) = -h + 8. What is b(v)?
3
Let c(u) = -8*u + 6. Let n(z) = 7*z - 5. Let o(g) = -4*c(g) - 5*n(g). What is o(-2)?
7
Let a be (-2*1)/(-2 - 0). Let v(h) be the third derivative of -h**5/24 - h**4/24 + h**3/6 - 3*h**2. Let k(w) be the first derivative of v(w). Determine k(a).
-6
Let p(w) = -w**3 + 5*w**2 + 5*w + 4. Let d be 3/6*(-10 + 0). Let f = 3 + d. Let b = f - -8. What is p(b)?
-2
Let c(m) = 7*m + 1. Let i(f) = -f**2 + 15*f - 27. Let v be i(13). What is c(v)?
-6
Suppose -18 = -5*x + 2*b, x = -2*b - 6 - 0. Let k(z) = -7 + 1 + 4*z**x - 5*z**2 - z**3. Calculate k(0).
-6
Let l(h) = -h**3 - h**2 - 1. Let c(o) = 2*o**2 + 13*o + 5. Let q be c(-6). Calculate l(q).
-1
Let y be 1/((-1)/6*-3). Let j(t) = -2*t**2 + t + 0*t - 4 + 5*t + t**y. Determine j(4).
4
Let m(q) = 3*q**2 + 6*q + 12. Let y(r) = 4*r**2 + 6*r + 13. Let o(a) = 5*m(a) - 4*y(a). What is o(6)?
8
Suppose 4*p + 56 = -f, -2*f + 0 = -4*p - 44. Let c = -8 - p. Let j(m) = m - 2. Give j(c).
3
Let b be (-12)/(-8)*4/(-6). Let x = 0 + b. Let v(d) be the first derivative of -d**4 + d**3/3 + d**2 + d - 1. Calculate v(x).
4
Let n(v) = v**3 + 4*v**2 + v + 2. Let b = 107 - 111. Give n(b).
-2
Let y(u) = u - 3*u + 3*u**2 - 3 - 4*u**2 + 7*u. Let m be -12*(20/12 + -2). Determine y(m).
1
Let q(o) be the first derivative of o**4/4 - 5*o**3/3 - 3*o**2/2 - 8*o + 2. Let v(l) = -l**3 + l**2 - l - 11. Let p be v(0). Let d = p - -17. What is q(d)?
10
Let c = -166 + 169. Let q(u) = 2*u**2 + 2*u - 5. Let m(y) = 5*y**2 + 5*y - 15. Suppose 2*r - 6 = -22. Let t(p) = c*m(p) + r*q(p). Give t(0).
-5
Suppose 3*x - 15 = -k, 6*k = 2*k + 12. Let f(o) = -4*o + 2*o - x + 0*o. Suppose -g + 0 + 16 = 4*a, -2*g + 3*a = 23. Calculate f(g).
4
Let g(o) = 5*o**2 + 5*o. Let y(j) = 4*j**2 + 5*j - 1. Let d(t) = 2*g(t) - 3*y(t). Calculate d(-4).
-9
Let f(l) = 0*l - 1 - 3 - 3*l. Let q be 2 + (-4 - -1*2). Suppose 0 = -q*c - c - 3. What is f(c)?
5
Let b(d) = -d. Let u = -4 - -6. Suppose 2*l + 5 = u*t - 9, 2*l + 3*t - 6 = 0. Let s(c) = c + 2. Let w(k) = l*b(k) - s(k). Determine w(-2).
-6
Let q(s) = s**3 + 4*s**2 + 2*s - 2. Let y = 2 - 4. Let l be 19/(-3) + y/(-6). Let w be 0 + -2*l/(-4). Calculate q(w).
1
Let u(d) = -8*d**2 - d. Let v(g) be the third derivative of g**4/24 + 5*g**3/6 - 5*g**2. Let c be v(-6). What is u(c)?
-7
Let g(i) be the second derivative of -i**4/12 + 2*i**3/3 + i**2/2 + i. Give g(4).
1
Let g(n) = -27 - 10*n + 19 + 8. Give g(-1).
10
Suppose l - 2*r - 15 = -5*r, -5*r = 2*l - 27. Let k(b) = -2*b**3 + 19*b**2 + b + 18. Let m(h) = h**3 - 9*h**2 - 9. Let w(u) = 3*k(u) + 7*m(u). Calculate w(l).
9
Let s(g) = -g - 12. Let r be (-1)/1 + -5*1. Calculate s(r).
-6
Let d(b) = -b**2 - 6*b + 6. Let s be d(-6). Let p be 52/14 - s/(-21). Let y(n) = 2*n + 3. Give y(p).
11
Let h(b) = -2*b - 3. Let m(p) be the first derivative of -p**2 - 3*p - 6. Let k(w) = 5*h(w) - 6*m(w). Suppose 4*j = 4 - 24. What is k(j)?
-7
Let k(l) = l**3 - 24*l**2 + 5. Let w be k(24). Let z(q) = -q**3 + 6*q**2 - 8*q + 6. What is z(w)?
-9
Suppose 0*v = -v + 2. Let n be (-10)/(-3)*12/10. Let f(x) = 2*x**2 + 4 - n - 3*x. Give f(v).
2
Let g(k) be the first derivative of -1/3*k**3 - 4*k + 2*k**2 + 1. Let h be 1/2 - 14/(-4). Give g(h).
-4
Let d(n) = -n**3 - n**2 + 2*n. Let b(x) = -x**2 - 10*x - 26. Let o be b(-6). What is d(o)?
0
Let o be (-12)/8*(-1 - (-14)/(-6)). Let v(p) = -p**3 + 4*p**2 + 6*p - 1. Give v(o).
4
Let j(s) be the second derivative of -s**4/6 + s**3/6 + 2*s**2 + 13*s. Determine j(3).
-11
Suppose -4*r - 19 = 5. Let c(u) = -8*u + 2. Let v(n) = 7*n - 2. Let z(p) = r*c(p) - 7*v(p). Let w(x) = x**2 + 4*x - 4. Let q be w(-5). Determine z(q).
1
Suppose 5*l - 29 = 11. Let r = -4 + l. Let j(m) = r*m + 1 + 0*m + 0 - m**2 + 2. Determine j(5).
-2
Let y(f) = 8 + 4*f + 0 - 3*f - 2*f. Calculate y(9).
-1
Let v(j) = 2*j**3 - 6*j**2 - 6*j - 4. Let z(l) = l**3 - 6*l**2 - 6*l - 5. Let q(i) = -2*v(i) + 3*z(i). Give q(-5).
-2
Let z(i) = -6*i**2 - 6*i + 2 - i**2 + i**2 - 3 - i**3. Calculate z(-4).
-9
Let i(n) be the first derivative of n**4/4 - 5*n**3/3 + 2*n**2 + 6. Give i(3).
-6
Let n(a) = -3*a**3 - 2*a - 1. Let b be n(-1). Suppose -b = l - 2*l. Suppose 4*s = 4*x + 20, l*s - 